st the prime factors of (3/(-2) + h)*-6.
3, 7
Suppose -2*a = 4*k - 886, 3*k - 6*k = 5*a - 2187. List the prime factors of a.
3, 5, 29
Suppose r - 4*f = -4 - 6, -5*r + f - 31 = 0. Let h = 6 + r. Suppose -2*n + 52 = 3*i, h*i = -3*i + 4*n + 58. What are the prime factors of i?
2, 3
Let c(a) = -49*a - 4. Suppose -3*b + 12*b = -36. List the prime factors of c(b).
2, 3
Suppose -6*u - 2051 = -11*u + x, -2*u + 816 = 4*x. What are the prime factors of u?
2, 5, 41
Suppose 0 = 2*h - 4*w - 514, -3*h + 2*w = -w - 777. What are the prime factors of h?
3, 29
Let g(z) = z**3 - z**2 - 3*z + 1. Let r be g(3). Let j = r + -6. List the prime factors of (-748)/(-20) - j/10.
37
Suppose 4 = -5*c - 11. Let x be c/(-6)*10 + -3. Let n = 7 - x. What are the prime factors of n?
5
Suppose w = 4*w - 9. Suppose 17 = w*z + 5. Suppose -2*t - 54 = -z*f, -t = -0*f + f - 6. List the prime factors of f.
11
Let c(h) = -2*h + 2. Let k be c(7). Let t(b) = b**3 + 13*b**2 + 8*b + 11. What are the prime factors of t(k)?
59
Let b = 33 + -21. What are the prime factors of (b/48)/(2/664)?
83
Let x(p) be the first derivative of -p**4/4 - 2*p**3/3 - p**2/2 + 3*p - 6. Let o be x(-4). Let t = o + -16. List the prime factors of t.
23
What are the prime factors of (-1 - -1410) + 13/(-13)?
2, 11
Let d = 19 - 15. Let b be (-5)/(d/(-6) + 1). Let f = 44 + b. List the prime factors of f.
29
Suppose 0*r - 2*r - 4 = 0. Let w be (r + -3)*2*7. Let n = w + 105. What are the prime factors of n?
5, 7
Suppose 12*d - 8*d - 344 = 0. Suppose 87*h = d*h + 47. What are the prime factors of h?
47
Suppose 0 = -21*p + 25*p - 40. Let d = 43 - p. List the prime factors of d.
3, 11
Let x be (13/2)/((-1)/(-2)). Let y(b) = b**3 - 13*b**2 + 4*b + 15. List the prime factors of y(x).
67
Let n = -819 + 2587. What are the prime factors of n?
2, 13, 17
Let p = -10 + 8. Let a be (p + 1)/((-3)/12). Suppose 3*q - 188 = -q - 2*o, 4*o = a*q - 200. What are the prime factors of q?
2, 3
Suppose -142*v = -129*v - 25675. List the prime factors of v.
5, 79
Suppose 0 = -3*h - 5*g + 15, 5 = -5*h + 3*g - 4. Suppose -3*t - 5 = -h*w + 4*w, 5*t = 2*w - 17. What are the prime factors of 1 - 1 - (-21 - w)?
2, 11
Suppose -q + 0 - 36 = 4*z, -5*q - 36 = 4*z. Let d = z + 10. Suppose -5*i = -4*t + 80, -t - 5*i + 21 - d = 0. List the prime factors of t.
2, 5
Let w be (-3)/(4/4)*23. Let y = -99 - -52. Let n = y - w. What are the prime factors of n?
2, 11
Let m = 149 - 8. What are the prime factors of m?
3, 47
Let z(u) = -u**3. Let g(r) = 8*r**3 - 5*r. Let k(b) = -g(b) - 6*z(b). Let v(i) be the second derivative of k(i). List the prime factors of v(-1).
2, 3
Let n = 36 + -34. Let d = n - -68. What are the prime factors of d?
2, 5, 7
Suppose 2*o - 64 = -2*o + 4*d, 56 = 5*o + d. Suppose -9*q + o*q = 420. What are the prime factors of q?
2, 5, 7
Let o(y) = y**3 - 9*y**2 + 7*y - 17. Let p be o(9). Let m = 16 + p. List the prime factors of m.
2, 31
Let s(o) = -751*o + 69. What are the prime factors of s(-4)?
7, 439
Suppose -22 = -0*t + 2*t. Let u = 22 + t. Suppose 355 = u*a - 6*a. What are the prime factors of a?
71
What are the prime factors of ((-12)/(-10))/((-4)/10) + 410?
11, 37
Let q = -93 + 1401. List the prime factors of q.
2, 3, 109
Let y(u) = 2*u**3 + 41*u**2 - 24*u + 58. What are the prime factors of y(-19)?
1597
Suppose 10*t = -4*t + 1680. What are the prime factors of (15/(-10)*1)/((-2)/t)?
2, 3, 5
Let y = 163 + 90. List the prime factors of y.
11, 23
Suppose -3*t + 2*t + 2 = 0. Let j(k) = 7*k**t + 6*k**2 + k + 14*k**2 - 2*k. What are the prime factors of j(1)?
2, 13
Suppose 16 = 2*h + 4. Suppose 1180 = 4*a + h*a. What are the prime factors of a?
2, 59
List the prime factors of 31/(3/35*(-90)/(-432)).
2, 7, 31
Let s be 27/2 + (-2)/(-4). Suppose 2*h + 0*h - s = 4*u, 2*h - 13 = 3*u. Let l(g) = 2*g**2 - 4*g - 5. List the prime factors of l(h).
5
Suppose d + 4 = 2*d. What are the prime factors of d*(0 + -2 + 3)?
2
Suppose 0 = -5*w - 5*t, w + 0*t + 2 = -3*t. Let m be 4/10 + (-519)/(-15). List the prime factors of m + w + 1/(-1).
5, 7
Suppose y = -g + 5*y + 259, 0 = y - 5. Suppose 2*x + 5*f + 0*f - g = 0, 4*x = -3*f + 565. What are the prime factors of x?
2, 71
Suppose -210 = 3*k - i - 575, 5*i = -2*k + 249. Suppose 4*y - 142 = -2*f, -2*f + k = -y - 0*y. List the prime factors of f.
3, 7
Suppose 0 = -3*h - 3*w, -4*h + 6*h - 2*w - 20 = 0. Suppose 0 = k - h - 71. Let u = -45 + k. List the prime factors of u.
31
Suppose 3*r - 3555 = -k, 3*r + 3*k + 29 = 3584. List the prime factors of r.
3, 5, 79
Suppose -y + 15 = -6*y. Let i = y + 8. Suppose b + 95 = i*n, -38 = -4*n + 2*n - 2*b. List the prime factors of n.
19
Let j = 441 + -127. List the prime factors of j.
2, 157
Let n(l) = -2*l - 10. Let w be n(-7). Suppose -w*r - 67 - 125 = 0. Let g = -30 - r. What are the prime factors of g?
2, 3
Suppose 3 - 23 = -4*j, -5*j = 4*p - 41. Let f be ((-180)/(-35))/(p/70). Suppose -u - f = -4*u. What are the prime factors of u?
2, 3, 5
Let i(v) = 4*v - 1. Let a be i(1). Let j be a*((-16)/(-6))/2. Suppose j*m - 186 = -38. What are the prime factors of m?
37
Let y(t) = 7*t**2 + 2*t + 1. Suppose -3*n + 5*h = -0*n + 11, -3*n - 4*h - 2 = 0. List the prime factors of y(n).
5
Let n(y) be the third derivative of -y**4/8 + 4*y**2. Let d be n(-1). Suppose -v + 108 = d*v. What are the prime factors of v?
3
Suppose -3*w - 11 + 2 = 0. Let p be (w + 1 - -2)/(-2). Suppose 96 = 3*c - p*c. List the prime factors of c.
2
Suppose -4*t - 37 = -3*m, -3*t = -13 - 2. Suppose -3*g = -m + 7. Suppose -23 = 3*a - g*a. List the prime factors of a.
23
List the prime factors of -4 - (-19)/((-95)/(-1750)).
2, 173
Suppose -4747 = -4*s - 4*n - 923, -4*n - 8 = 0. What are the prime factors of s?
2, 479
Let s be (-9)/45 - 22/(-10). Suppose -5*l - 2 - 8 = 4*r, 2*r = -4*l - s. Suppose -3*k + 0*k = -3*u - 81, 5*u = l*k - 39. List the prime factors of k.
2
Let q = -86 + 88. Suppose -2*k = 3*g - 446, -2*g + 0*g - q*k + 300 = 0. What are the prime factors of g?
2, 73
Suppose -8*g + 5*g + 2*s = -887, 3*g + s = 884. What are the prime factors of g?
5, 59
Suppose 5*c = 9*c - 2076. What are the prime factors of c?
3, 173
Let g(p) = 3*p**2 + 4*p - 63. List the prime factors of g(12).
3, 139
Let n(h) = h**2 - 8*h - 11. Let j be n(18). Let o = j - 90. List the prime factors of o.
79
Suppose -2*l = k + 5, 5*k - 2*l + 11 = 34. Suppose -5*j - 4 = d - 0*d, j = -k. List the prime factors of d.
11
Suppose 0 = -219*v + 213*v + 3378. List the prime factors of v.
563
Let j = -93 - -67. What are the prime factors of (-3198)/j + (1 - (-1 + -1))?
2, 3, 7
Let t = 21 - 39. Let z = t - -46. What are the prime factors of z?
2, 7
Suppose -3*l + 4 = -3*q + 4*q, 2*l = -10. Let s be 3/(58/q - 3). Let d = -33 + s. What are the prime factors of d?
2, 3
Let x be (2/(-5))/((-2)/(-20)). List the prime factors of 103/2 + 2/(0 + x).
3, 17
Let j(d) = -5 + 4*d**3 + 2*d**3 - 7*d**3 - 3*d**2 - 6*d. Suppose 2*b - 5*t - 8 = 6, 0 = 5*b + 4*t + 31. What are the prime factors of j(b)?
13
Let v(i) = -i**3 + 10*i**2 + 12*i - 27. Let p be v(11). Let u = 12 - p. List the prime factors of u.
2, 7
Let u(v) = -v**3 - 5*v**2 - 8*v - 15. List the prime factors of u(-6).
3, 23
Suppose v - 3016 = 2*x, -4*x = -4*v + 2426 + 9638. List the prime factors of v.
2, 13, 29
Suppose -3*m - 5*f = -5, f - 8 = 5*f. Let d = m + -2. Suppose 135 = d*o - 5*j, -3*o - 21 = -3*j - 156. List the prime factors of o.
3, 5
Suppose -128*g = -119*g - 450. List the prime factors of g.
2, 5
Let u = 2879 + -1639. List the prime factors of u.
2, 5, 31
Let u(c) be the second derivative of 5*c**3/3 + 5*c**2/2 + 5*c. What are the prime factors of u(5)?
5, 11
Let m = 93 - -682. List the prime factors of m.
5, 31
Let k(g) = -13*g. Let v be (-1 - 6) + 4 - 4. Let d be v + (5 - (-1)/(-1)). List the prime factors of k(d).
3, 13
Suppose 4*h - 121*g + 120*g = 21647, 2*g - 21650 = -4*h. What are the prime factors of h?
2, 3, 11, 41
Let f = -554 + 751. What are the prime factors of f?
197
List the prime factors of 2616/15 - -5*(-8)/100.
2, 3, 29
Let w be ((-384)/(-20))/((-27)/10 - -3). Suppose 0 = 60*l - w*l + 520. List the prime factors of l.
2, 5, 13
Suppose 0*l = 6*l. Suppose 0*k - k - 5*n + 4 = 0, l = -5*k - n + 20. What are the prime factors of k?
2
Let l be (9/3)/((-12)/496). Let m = -240 - l.